is the remainder when 25 is divided by s?
7
Let v be (-3)/(-3)*3*1. Let h be 16/5 - v/15. Suppose -4*u - h*r = -58, -2*r + 0*r = -2*u + 36. What is the remainder when 47 is divided by u?
15
Suppose -10 = -l - 2*l - x, 0 = l - 5*x - 14. Suppose -l*n = -n - 54. What is the remainder when n is divided by 5?
3
Let v = -23 - -40. Suppose 0 = 2*h - 4 - 8. Calculate the remainder when v is divided by h.
5
Suppose -4*i = -0*w + 5*w - 174, -3*w - 3*i + 105 = 0. Suppose 0 = g - 12 - 6. What is the remainder when w is divided by g?
16
Let x = 6 - -3. Let k = 15 - x. What is the remainder when 9 is divided by k?
3
Let r = -6 - -8. Let k = -23 - -37. Suppose -r*n + 4 = v, n - 3*n - k = -2*v. What is the remainder when v is divided by 4?
2
Let c(s) = -6*s - 5. What is the remainder when c(-4) is divided by 11?
8
Let h = -83 - -156. What is the remainder when h is divided by 19?
16
Suppose f - 10 = 4. What is the remainder when 69 is divided by f?
13
Suppose 5*c - 4*h = -3*h + 7, -2*h - 2 = 2*c. Calculate the remainder when 5 is divided by c.
0
Let c(o) = 80*o**2 + o. Let g be c(1). Let n = g - 57. What is the remainder when n is divided by 9?
6
Let m(y) = 3*y**2 - 5*y - 3. What is the remainder when m(5) is divided by 12?
11
What is the remainder when 4/2 + 18/(-6) + 106 is divided by 27?
24
Let y = 80 - 37. Let k(f) be the third derivative of f**6/120 - f**5/10 + f**4/6 - f**3/3 + 4*f**2. Calculate the remainder when y is divided by k(6).
21
Let y = 346 + -171. What is the remainder when y is divided by 44?
43
Let n = 3 + -1. Suppose 314 = 5*l + 3*o, 3*l - 3*o - 194 = -2*o. Suppose n*j - l = -0*j. What is the remainder when j is divided by 11?
10
Suppose 0 = -14*g + 605 + 207. Calculate the remainder when 113 is divided by g.
55
Suppose 0*g = -4*g + 12, -5*g = -3*k + 18. Suppose 0*y - 21 = -y. Calculate the remainder when y is divided by k.
10
Let s = 36 - -19. Calculate the remainder when s is divided by 23.
9
Let k(a) = -4*a - 49. What is the remainder when k(-27) is divided by (-1)/(-1*(-1)/(-15))?
14
Let b(k) = -33*k. Let f be b(-10). Suppose 0 = -4*q + f + 254. Suppose -5*m = 3*a - 247, -3*m = 5*a - a - q. What is the remainder when m is divided by 17?
16
Suppose -2*n + 5*f = -3*n + 38, -3*f + 30 = n. What is the remainder when n is divided by 5?
3
Let y = -79 + 97. Calculate the remainder when 303 is divided by y.
15
Suppose -4*q + 3 = -3*q. What is the remainder when 2 is divided by 1*2 - 3/q?
0
Suppose 4*n = -0*n + 716. Calculate the remainder when n is divided by 26.
23
Let s(a) = -a**3 + 8*a**2 + 10*a - 2. Let g be (-94)/(-10) - 12/30. Let p = 29 - 16. Calculate the remainder when p is divided by s(g).
6
Let l = -19 - -28. Let b(i) = 3*i - 2. Let k be (-72)/4*2/(-6). What is the remainder when b(k) is divided by l?
7
Let u(w) = w**2 + 7*w - 7. Calculate the remainder when 42 is divided by u(-10).
19
Suppose -1 = -a, 349 = -2*q + 4*q - 5*a. Calculate the remainder when q is divided by 36.
33
Suppose 3*k + 3*q + 84 = 6*q, 15 = -3*q. What is the remainder when (-1 + (-1)/(-3))*k is divided by 8?
6
Let l(x) = 12*x**2 + 9*x + 21. Calculate the remainder when 305 is divided by l(-2).
50
Suppose 0 = -5*k + 1 + 59. Suppose -4*t = -d - 3 + 41, -152 = -4*d - 5*t. Calculate the remainder when d is divided by 4*((-273)/k)/(-7).
12
Let y(p) = p**2 - 6*p + 12. What is the remainder when y(4) is divided by 3?
1
Suppose 0 = 5*z - 2*b - 114, -4*z - b + 20 = -3*z. Let l(r) = -r + 7. Calculate the remainder when (z + 2)*(-2 - -3) is divided by l(-6).
11
Suppose v + 4 = 2*v + q, 0 = 2*v - q - 2. Suppose 3*f = -f. Suppose -2*m - 2*m + 16 = f. Calculate the remainder when m is divided by v.
0
Suppose -8*y + 277 = -251. Calculate the remainder when y is divided by 35.
31
Suppose -3*k + 7 = -32. Let z = -455 - -710. Suppose 5*b = -3*v + 4*b + 152, z = 5*v + 2*b. Calculate the remainder when v is divided by k.
10
Suppose 2*t = -3*v + 23, 0*v + 5 = 5*v - 5*t. Suppose -v*i - 6 + 46 = 2*q, i = -q + 8. What is the remainder when i is divided by 5?
3
Let c(p) = -p**2 + 9*p - 6. Suppose 2*k - 42 = -0*k. Calculate the remainder when k is divided by c(6).
9
Let g be 1 - ((-4)/(-2))/(-2). Let t = -4 + 7. Suppose g*f - t*o = o + 66, 2 = -o. Calculate the remainder when f is divided by 15.
14
Let u = 10 + -4. Calculate the remainder when (-26)/3*(-9)/2 is divided by u.
3
Suppose -14 - 6 = -2*s. Let r(f) = 17*f - 14. Calculate the remainder when r(3) is divided by s.
7
Suppose 19 = -2*s - 25. Let j = s - -42. Calculate the remainder when 77 is divided by j.
17
Let i be 6/(-33) - 114/(-22). Suppose i*c - 2*c - 146 = -5*n, -3*n + 4*c + 76 = 0. What is the remainder when n is divided by 15?
13
Let r = -9 + 0. What is the remainder when 53 is divided by 3/r - (-86)/6?
11
Let j = 24 - 20. Calculate the remainder when 11 is divided by j.
3
Let c(t) = -t + 2*t + 6 + 2 - 2*t. Calculate the remainder when 2 is divided by c(7).
0
Let o(t) = 11*t + 1. Suppose -4 = n - 5*n. What is the remainder when 22 is divided by o(n)?
10
Suppose -2*s + 2*h = -0*s - 26, 4*s - 2*h = 60. What is the remainder when 30 is divided by s?
13
Let w be (0/2)/(8 - 7). Suppose -5*n = -w*n - 55. Calculate the remainder when 31 is divided by n.
9
Let d be -1*7*6/(-7). Let u(p) = p**3 - 5*p**2 - 4*p + 3. Let o(t) = t + 3. What is the remainder when u(d) is divided by o(5)?
7
Let d = 8 - 16. Let a = 12 + d. Calculate the remainder when 30 is divided by (22/a)/((-2)/(-4)).
8
Let u be ((-2)/(-4))/((-11)/(-88)). Suppose 0*z + 220 = u*z. Calculate the remainder when z is divided by 14.
13
Suppose -q + r + 48 = 5*r, -5*r = -q + 66. Let s = -17 + q. Calculate the remainder when s is divided by 10.
9
Suppose 0 = -3*z + 34 + 29. Suppose 0 = -l + 4*l - z. What is the remainder when l is divided by 3?
1
Suppose -3*i + 4*i - 3*y = 126, 4*y - 8 = 0. What is the remainder when i is divided by 45?
42
Let h = 19 - 10. Calculate the remainder when ((-3)/2)/(2*(-3)/132) is divided by h.
6
Suppose 4*t - 1 - 7 = 0. Suppose t*j - 23 = -3*b, 3*j - 4*b = -2*j. Calculate the remainder when 4 is divided by j.
0
Let j = 128 + -90. Calculate the remainder when 74 is divided by j.
36
Let q be 5 - ((-2)/1 + 1). Calculate the remainder when ((-75)/q + -1)*-4 is divided by 14.
12
Suppose -h = -2*f + 48, -f - 4*h = h - 35. Calculate the remainder when 96 is divided by f.
21
Let a(x) = x**2 - 2*x + 4. Let j be a(5). Let i = j + -16. What is the remainder when 4 is divided by i?
1
Let m(o) = -o**2 - 7*o - 6. Let v be m(-7). Let w(a) = a**3 - 4*a**2 + 3*a - 1. What is the remainder when v*((-70)/4)/5 is divided by w(4)?
10
Suppose l - 79 = -41. Calculate the remainder when 73 is divided by l.
35
Let s(n) = n**2 + 2*n - 3. Suppose -o = -0*o - 2. Let i(b) = 9*b**2 + b + 1. Calculate the remainder when i(-1) is divided by s(o).
4
Suppose 0 = 5*c + 477 + 123. Calculate the remainder when 0 + -38*1/(-2) is divided by (1/(-3))/(4/c).
9
Let z(t) = 1 - 4 - 2 - 4*t + 0. What is the remainder when 30 is divided by z(-4)?
8
Suppose 0*d - 26 = d. Let l be (4/(-8))/((-2)/152). Let k = d + l. Calculate the remainder when 35 is divided by k.
11
Let b(y) = 9*y**3 - y**2. Calculate the remainder when 22 is divided by b(1).
6
Calculate the remainder when 26 is divided by (-22 - -21)*(-1 - (14 - -2)).
9
Let v(h) = 21*h - 2. Let y be v(3). Let j = -33 + y. Suppose p = 2*g + 3*p - j, 18 = g + 5*p. What is the remainder when g is divided by 8?
5
Suppose -6*a + 181 = -23. What is the remainder when a is divided by 9?
7
Let w(x) = -x**3 - x**2 - 2. Let t be w(-2). Suppose t*r + r = 75. What is the remainder when 97 is divided by r?
22
Let v(n) = -n**3 - 49. Let d be (-1)/(-4) + (-2)/8. Let u be v(d). Calculate the remainder when (u/(-2))/(2/4) is divided by 17.
15
Let x(s) = s**2 - 1 - 3*s + 5 + 0*s**2 - 1. What is the remainder when x(3) is divided by 2?
1
Suppose 4*s - 9 - 3 = 0. Suppose -3*k = -s*f - 192, 2*k - 3*f - 123 = -0*f. What is the remainder when k is divided by 24?
21
Let l(r) = r**2 + 3*r - 7. Let n be l(-5). Suppose -2*f - 42 = -n*f - 3*k, 3*k = 12. Calculate the remainder when f is divided by 11.
8
Let v = 15 + -7. Calculate the remainder when v is divided by 3.
2
Let w be 43/3 - (-4)/6. Let g be w/4 + 2/8. Suppose 3 = -g*s + 11. What is the remainder when s